)/10)/((-4)/40). Suppose 0 = -5*a + 3 + 7. Suppose -5*z - a = -6*z, 0 = 3*x - 2*z - 194. What is the highest common factor of d and x?
6
Let h be 1/(((-95)/160)/(-19)). What is the highest common divisor of 272 and h?
16
Let n(r) = 18*r - 3. Let q be n(1). Calculate the greatest common divisor of 3 and q.
3
Suppose -6*c + 3*c - 30 = 0. Let t be (86/c + 2)*-5. What is the highest common factor of 66 and t?
33
Suppose -126*q = -133*q + 231. Calculate the highest common factor of q and 473.
11
Let z(n) = -n**3 + 31*n**2 - 30*n + 5. Let k be z(30). What is the greatest common factor of 4 and k?
1
Let k be 6/(-5)*(-240)/(-72). Let g be k/(-72)*-3 + (-13)/(-6). Calculate the highest common factor of 16 and g.
2
Let i(n) = -3*n**3 - n**2 - n - 1. Let w be i(-1). Suppose -6*d + 2*d + 36 = 0. Let c be 124/d + 48/216. Calculate the greatest common divisor of c and w.
2
Let v = 129 - 129. Suppose v = -10*a - 45 + 145. Calculate the highest common factor of a and 25.
5
Suppose 2*l + 0*c - 63 = c, -4*l + 114 = 2*c. Suppose 4*w = 9*w - l. Calculate the greatest common factor of w and 2.
2
Let w be (-3 - (-124)/8)*6. Let u be (4/(-5))/((-6)/w). Let i be (-12)/(-30) + 66/u. What is the highest common factor of i and 28?
7
Let n = 80 + -77. Let a be (-1)/n - (6 + (-56)/6). What is the greatest common factor of a and 15?
3
Let t(a) = -a**2 - a + 2. Let m be t(-2). Suppose m = -0*j + 2*j - 36. Suppose -4 + 22 = d. What is the highest common divisor of j and d?
18
Suppose -26*l = -21*l - 145. Let p = l - 13. What is the greatest common divisor of p and 40?
8
Suppose -25 = 5*d, -h + 2*h - d = 55. Calculate the highest common factor of 1300 and h.
50
Let q = -24 + 26. Let o be (q - 2) + 3 + 1. Suppose -2*n + o*n = 6. What is the highest common factor of n and 3?
3
Suppose 18*z = 7859 + 9871. What is the greatest common factor of 5 and z?
5
Suppose -977 = -3*m - 5*j, 4*j + 1965 = 5*m + 386. Calculate the highest common factor of m and 29.
29
Let b = 111 - 109. Let p be (-2)/6 + (28/3 - b). What is the highest common divisor of 1 and p?
1
Let c(z) = -z**2 + 12*z + 9. Let u be c(13). Let f be u/(-1)*91/28. Let w = 49 - f. What is the highest common divisor of 9 and w?
9
Let v be 5/4 + -1 - 98/(-56). Suppose 0 = r - v*r + 40. Calculate the greatest common divisor of r and 5.
5
Suppose -11 = -s + 1. Suppose 14 + 22 = 2*j. Suppose -2*q + j = -6. What is the highest common factor of s and q?
12
Let x(c) = -c**3 - 5*c**2 - 6*c + 2. Let i be x(-2). Let z = -63 + 112. Let b = z - 33. Calculate the greatest common factor of b and i.
2
Let q = 365 + -344. Calculate the highest common divisor of q and 28.
7
Let k = -6 + 10. Suppose -k*m + 108 = 4*w, 4*w - 23 = -m + 91. Calculate the greatest common factor of 232 and w.
29
Let a(f) = 11*f + 12. Let r(y) = y + 1. Let v(l) = -a(l) + 2*r(l). Let c be v(-2). Calculate the highest common divisor of 32 and c.
8
Let u(p) = -42*p - 114. Let i be u(-6). Calculate the greatest common factor of 46 and i.
46
Let u(d) = d**2 + 10*d - 5. Let r(t) = t + 1. Let q(s) = 4*r(s) - u(s). Let f be q(-7). Suppose -b + 4 = -f. What is the greatest common factor of b and 15?
3
Let g be (1 + -2 + 2)*10. Let f be ((0 - 1) + g)*1. Let k be 23/((-69)/(-306)) + -3. What is the highest common divisor of k and f?
9
Let d = 4 - -7. Calculate the greatest common factor of d and 660.
11
Suppose 0 = 2*m + 3*m - 20. Suppose -2*g + g = 5*k - 15, 4*k = m*g - 12. What is the greatest common factor of 45 and g?
5
Let y be (-10)/15*3/2. Suppose -3 = -j, -k + 5*j = -4*k + 24. Let v = k + y. What is the highest common divisor of 18 and v?
2
Let y be (3 - 4)/(1/(-92)). Let t = 52 - y. Let x = -4 - t. Calculate the greatest common divisor of 180 and x.
36
Let l = 16 - 13. Let r = 6 + l. What is the greatest common divisor of 9 and r?
9
Let z be (4 + (-78)/21)*42. Let d(u) = -u**2 - 7*u - 3. Let g be d(-6). Suppose -g*w = -226 - 26. What is the greatest common factor of z and w?
12
Let o = 21 + -8. Let w(m) = m**3 - 4. Let i be w(0). Let z = o - i. Calculate the greatest common factor of 51 and z.
17
Let c(h) = 2 - 24*h + 3*h**2 + 1 - 4 + 14. Let g be c(11). What is the highest common divisor of g and 14?
14
Suppose 176*u - 360 = 172*u. Let y(k) = -k - 1. Let b be y(-4). Suppose 0 = -0*h - b*h + 30. What is the greatest common divisor of h and u?
10
Let n(o) = -2*o - 12. Let g be n(-9). Suppose -g*t + 40 = -2*t + q, t - q - 15 = 0. Let b = t + -7. Calculate the greatest common divisor of b and 4.
4
Suppose 4*r + 7 = h - 3, 0 = -3*r. Suppose 2*i = -z - 75, 56 = -4*z + i - 289. Let o = -5 - z. What is the highest common factor of h and o?
10
Let l(m) = 11*m + 2. Let v = 39 + -34. Let p be l(v). What is the highest common divisor of 38 and p?
19
Suppose 0 = r - 2*r + 18. Suppose g = 3*l - 6*l + 590, l - 178 = -5*g. What is the highest common factor of l and r?
18
Let p be (-90)/14 - 9/(-21). Let s(z) = -2*z**3 - 7*z**2 + 3*z. Let y be s(p). Calculate the highest common divisor of y and 18.
18
Let a(i) = -i**3 + 14*i**2 + 32*i + 17. Let t be a(16). Let k be t - 16/(-4) - 3. What is the highest common factor of 4 and k?
2
Let p(m) = -m**2 + 7*m - 3. Let j be p(6). Suppose -j*w + 62 = -1030. Suppose -4*o = -5*y + w, 0 = -4*o - o - 5. What is the highest common factor of y and 18?
18
Let d be 1060/28 - 18/(-126). What is the highest common divisor of 342 and d?
38
Let v be (-8)/(-100) + 19984/200. Calculate the greatest common divisor of v and 70.
10
Let x(c) = c**3 + 13*c**2 - 57*c + 25. Let h be x(-16). What is the highest common factor of h and 26?
13
Suppose -2*b + 95 = -225. Let i(d) = -d**2 + 10*d + 7. Let r be i(5). What is the highest common factor of b and r?
32
Let y(b) = -4*b**3 - 2*b**2 + 3*b + 6. Let p be y(-2). What is the highest common factor of p and 108?
12
Let j(t) = -4*t**3 + 2*t**2 + t + 3. Let k be j(-3). Let v(c) = 4*c**2 + c. Let n be v(2). Calculate the greatest common factor of k and n.
18
Let m be 218/14 - (-33)/77. Calculate the greatest common divisor of m and 232.
8
Let z be 5 - (0/(-6) - -74)/(-2). What is the highest common factor of 24 and z?
6
Let t = 116 - 120. Let h(n) = 2*n**2 - 4*n - 24. Let x be h(t). Let y be 25 - (-2)/(4/(-2)). What is the highest common divisor of y and x?
24
Let k be (570/(-8))/(8/(192/(-9))). Let i = -133 - -152. Calculate the highest common factor of k and i.
19
Let o = 39 - 31. Suppose 237 = -o*l + 1005. What is the greatest common factor of 12 and l?
12
Let w be (-6560)/(-112) + (-12)/21. Let a = -52 + w. Suppose q - 2*j = 36, -q + 75 = 2*q + 5*j. Calculate the highest common divisor of a and q.
6
Let y = -135 + 495. What is the greatest common factor of 45 and y?
45
Let v(q) = -9*q + 5. Let u be v(-5). Suppose -14 = -p + u. What is the highest common divisor of p and 8?
8
Suppose 2*p = -10 - 10. Let x(c) = -c**3 - 10*c**2 - 8*c + 4. Let t be x(p). Let s be 6/5*(5 + 5). What is the highest common factor of s and t?
12
Let t = -7 + 10. Let o(w) = w**2 + 17. Let l be o(-4). What is the greatest common factor of l and t?
3
Let j be (14/4)/(2/52). Let l(m) = -m**3 - 2*m**2 + 11*m + 31. Let k be l(-3). Calculate the highest common factor of k and j.
7
Suppose 56 = 10*t - 424. What is the greatest common divisor of t and 168?
24
Let l(y) = 2*y - 12. Let m be l(8). Let z be 6 + (-1 - m/(-1)). What is the greatest common divisor of 81 and z?
9
Let n be -7 + 7 + 17 + 3. What is the greatest common factor of 52 and n?
4
Let u be 2/8 + 199/4. Let n(i) = 5*i**2 + 105*i + 125. Let o be n(-21). What is the highest common factor of u and o?
25
Suppose 4*g + 3*w - 1402 = 0, 2*g + 0*w - 2*w - 708 = 0. What is the greatest common divisor of 128 and g?
32
Let v(t) = 23*t - 11. Let q be v(3). Calculate the greatest common divisor of q and 29.
29
Let r(a) be the first derivative of a**2 + 11*a + 6. Suppose d = 2*d. Let i be r(d). What is the greatest common factor of 77 and i?
11
Suppose -5*u = -5*o + 365, 5*u + 46 + 88 = 2*o. Suppose -4*i = -4*a + 18 + 6, 3*a - 14 = -i. Let m = i - -12. What is the greatest common divisor of o and m?
11
Suppose 0*u - 561 = -3*u. Calculate the greatest common factor of u and 22.
11
Let f be (1 + -2 - (-44 - -40)) + 65. Calculate the greatest common factor of 850 and f.
34
Let o(s) = -s**3 - 22*s**2 - 